8?
27
Let k(m) = -2*m + 1. Let g be k(-1). Suppose -44 = -h - 4*o, -132 = -0*h - 3*h - g*o. What is the remainder when h is divided by 15?
14
Let r be (-6)/27 + 209/9. Suppose 90 = 5*j + 5*n, -2*j - 4*n + 11 = -r. What is the remainder when j is divided by 11?
8
Let f = -47 + 54. Calculate the remainder when 14 is divided by f.
0
Suppose 0*j = 3*j - 36. Suppose -5*u - 3*n = -10, 4*u + n + 1 - 16 = 0. Calculate the remainder when j is divided by u.
2
Suppose 2*o = 3*o - 74. Calculate the remainder when o is divided by 15.
14
Suppose 10 = 5*h - 5. Suppose h*q = 2*q - 1. What is the remainder when 9 is divided by (-7)/q + (-5)/5?
3
Suppose -3*u = 3*z, -5*u + 5*z + 4 = -16. Suppose 0*a - 8 = -u*a. Calculate the remainder when a is divided by 4.
0
What is the remainder when (-10)/(-95) - 908/(-38) is divided by 5?
4
Let z = 2 + 1. Let o be 2/z*(-147)/(-2). Suppose -o = -2*v - v + n, 3*n = -4*v + 61. Calculate the remainder when 30 is divided by v.
14
Suppose 0*l = -3*j + 5*l + 5, -4*l - 2 = -2*j. Suppose 0 = -j*n + 6*n - 3. What is the remainder when n is divided by 2?
1
Let p(b) = 5*b - 1. Calculate the remainder when p(3) is divided by 8.
6
Let n = 10 - -10. What is the remainder when 78 is divided by n?
18
Let g = 27 - 12. Let b(v) = 5*v**2 - 2*v + 1. What is the remainder when g is divided by b(1)?
3
Let h = 0 + 27. What is the remainder when 107 is divided by h?
26
Let i = -46 - -81. Let b = 9 + 23. Let v = 50 - b. What is the remainder when i is divided by v?
17
Let z = 0 - -6. Let c(b) = -6*b + 4. What is the remainder when z is divided by c(0)?
2
Suppose 678 + 1638 = 12*w. Calculate the remainder when w is divided by 28.
25
Let y = 2 + -1. Calculate the remainder when 1*(y/1 + 48) is divided by (1/2)/(3/102).
15
Suppose 0 = -3*q - s + 5, -s - 13 = -3*q. Suppose 2*u = 4*a - 40, 2*a + 3*u - 19 - 9 = 0. What is the remainder when a is divided by q?
2
What is the remainder when (-7)/(-21)*2 + (-508)/(-3) is divided by 58?
54
Let w(m) = -m - 6. Let i be w(-6). Let o = 6 - i. Calculate the remainder when (4*6)/(6/4) is divided by o.
4
Let b(q) = 2*q**2 + 7*q + 11. What is the remainder when 87 is divided by b(-4)?
12
Let z(x) = x + 2. Suppose 2*t + 15 = 2*w - 49, -3*w + 90 = -5*t. What is the remainder when w is divided by z(11)?
9
Let l = -2 + 3. Let k be -10*(7/(-5) + l). What is the remainder when 23 is divided by 4/(-6)*-3*k?
7
Let c(i) = 14*i + 4. Let y be c(-3). Let n = 108 + y. Calculate the remainder when n is divided by 24.
22
Suppose -20*t = 450 - 1210. Calculate the remainder when 189 is divided by t.
37
Let w(q) = -q**2 + 13*q - 11. Let b be (6/(-5) + 2)*5. Suppose -2*a - 30 = -b*a. Calculate the remainder when w(8) is divided by a.
14
Let v(d) = d**3 - 9*d**2 - 7*d - 13. What is the remainder when v(10) is divided by 5?
2
Let f = 40 + -4. Calculate the remainder when 142 is divided by f.
34
Let o(m) = 31*m**3 - 2*m + 2. What is the remainder when 92 is divided by o(1)?
30
Suppose 0 = 3*f + 15, 2*j - 6 = -2*f + 10. What is the remainder when j is divided by 7?
6
What is the remainder when 59 is divided by 17 - 4*1/2?
14
Let s(n) be the second derivative of -n**3/3 - n**2 + n. What is the remainder when 13 is divided by s(-3)?
1
Let x(k) = k**2 - 7*k + 29. Suppose -30 - 10 = -4*y. Calculate the remainder when x(5) is divided by y.
9
Suppose 2*t + j + 4*j + 14 = 0, 0 = t + 2*j + 6. What is the remainder when t/(-5) - (-186)/10 is divided by 7?
5
Let v be 2 + -1 - (-3 + 10). Let a be (-75)/v - 6/(-4). Suppose -2*m + a + 8 = 0. What is the remainder when 30 is divided by m?
8
Let z be 108/(-14) + 12/(-42). Let u be (-8)/(-3)*(-18)/z. Let o = u - -5. Calculate the remainder when 20 is divided by o.
9
Suppose 0 = -2*k - 2 - 0. Let h = k + 6. What is the remainder when 9 is divided by h?
4
Let n(k) be the first derivative of k**4/2 - k**3 + k**2 + 2*k - 1. Let y(r) = 2*r + 30. What is the remainder when n(3) is divided by y(-9)?
11
Let k = 49 + -87. Let l = -26 - k. What is the remainder when ((-4)/l)/(2/(-114)) is divided by 10?
9
Calculate the remainder when 28 is divided by -2 - (3 + (-60)/4).
8
Let i = 52 - -131. Suppose r + i = 4*r. What is the remainder when r is divided by 16?
13
Suppose -2*h + h = -9. What is the remainder when h is divided by 3?
0
Let w(y) = -y**3 + 8*y**2 - 7*y + 3. Let z be w(6). Suppose 0 = 3*q - z - 27. What is the remainder when q is divided by 11?
9
Suppose 2*w = 3*a + 59, 2*w - 4*a - 49 = a. Suppose -3*j + k + 39 = 0, -4*j - 3*k = 2*k - 52. What is the remainder when w is divided by j?
11
Let y = 2 - 2. Suppose -40 - 76 = -4*r. What is the remainder when r is divided by (-11)/(-1) - (y - -1)?
9
Let v(t) = 2*t**2 + 5*t + 1. What is the remainder when v(-4) is divided by 2/9 + 34/9?
1
Let z(j) = 3*j - 3. Let d(o) = o. Let q be d(3). Calculate the remainder when (-3)/9 - 147/(-9) is divided by z(q).
4
Let k = 2 - -8. Suppose -8*u - 18 = -k*u. Suppose 80 = 3*i - 2*l, 107 = 3*i + i - 3*l. What is the remainder when i is divided by u?
8
Suppose 0 = 5*v + 98 - 393. What is the remainder when v is divided by 15?
14
What is the remainder when 4 - 12/(-8)*76 is divided by 1 + 1 + 0 - -28?
28
Let d = 0 + 14. What is the remainder when d is divided by 4?
2
Let c be 1/(-2) - (-2)/4. Suppose c*o = 3*o - h - 138, -h = 4*o - 184. Suppose o = 2*b + 8. What is the remainder when 55 is divided by b?
17
Suppose 2*p = 0, -4*p - 28 = -4*c - 0*p. Calculate the remainder when c is divided by 5.
2
Suppose 2*u + 3*u - 20 = 0. What is the remainder when (-58)/(-6) - 2/(-6) is divided by u?
2
Suppose -y + 4 = -2*y. Let m be y/(-18) + (-10)/45. Suppose m = -2*j - j + 9. Calculate the remainder when 5 is divided by j.
2
Let f = 37 - 16. Suppose 0 = 2*x - 37 - f. Calculate the remainder when x is divided by 16.
13
Let r(l) = -26*l + 25. Calculate the remainder when r(-2) is divided by 21.
14
Suppose l + 2*l - 201 = 0. Let k = -17 + l. What is the remainder when k is divided by 13?
11
Let i(p) = 2*p - 7. Calculate the remainder when i(7) is divided by 5.
2
Let j = 1 - 13. Let a be (2/(-4))/(1/j). Suppose 3*u + 33 = a*u. Calculate the remainder when u is divided by 4.
3
Let a(m) = -m - 6. Let z = -9 + 13. Let k(g) = g**2 - g - 2. Calculate the remainder when k(z) is divided by a(-9).
1
Suppose 3*u + 1 = 10. Suppose 3*w - 9 = 3*m, 2*w + 2 = -2*w - u*m. Suppose 0 = -5*s + w + 89. Calculate the remainder when 34 is divided by s.
16
Let c = 123 - 95. What is the remainder when 166 is divided by c?
26
Let m = 21 + -4. Suppose 0 = -2*k + 2*b + 24, 28 = 5*k - k + b. Suppose -k - 4 = -2*s. Calculate the remainder when m is divided by s.
5
Let r = -5 - -3. Let l = -1 - r. Calculate the remainder when 55 is divided by -3 + l + 16 + 5.
17
Let n = 6 - -17. Calculate the remainder when 90 is divided by n.
21
Let u = 29 + -16. Let m(h) = h**3 - 8*h**2 - 13*h + 15. Let z be m(10). Let t = 121 - z. What is the remainder when t is divided by u?
10
Let n(d) = d - 9. Calculate the remainder when (-20)/(-6) + (-10)/(-15) is divided by n(11).
0
Let z(s) = s**3 + 6*s**2 - s + 4. Let l(r) = -6*r**3 + r - 1. Let y be l(1). Let u(q) = 7*q - 27. Calculate the remainder when u(8) is divided by z(y).
9
Suppose 0*d - 92 = -4*z + 4*d, 4 = d. Suppose 33 + z = 3*j. What is the remainder when j is divided by 11?
9
Suppose 0 = -3*k - k + 20. Suppose k*l - 5*n - 31 = l, 0 = 5*l + 5*n - 95. What is the remainder when 40 is divided by l?
12
Let t = 59 + -42. Suppose -99 = y - 4*y. Calculate the remainder when y is divided by t.
16
Suppose 7 = -m + 19. What is the remainder when ((-9)/m)/((-3)/12) is divided by 3?
0
Suppose 6*l - 3*l - 5*o - 76 = 0, -o + 80 = 5*l. Let c = 20 - 14. What is the remainder when l is divided by c?
5
Suppose 4*u + 122 = 9*l - 6*l, 2*l - 86 = -2*u. Let t = -3 - -18. What is the remainder when l is divided by t?
12
Suppose 3*h + 5*v + 125 = -2*h, 5*h + 149 = v. Let o be -1 + 63 + -1 + 2. Let i = o + h. What is the remainder when i is divided by 12?
10
Suppose -2*o = -8*o + 210. What is the remainder when o is divided by 8?
3
Suppose -3*p + 32 - 2 = 5*c, 0 = c + 5*p - 28. What is the remainder when c is divided by 2?
1
Suppose 980 - 329 = 7*z. What is the remainder when z is divided by 24?
21
Suppose -4*p = -6*o + o - 71, 3*p - 5*o - 57 = 0. What is